late the greatest common divisor of 20 and 30.
10
Calculate the highest common factor of 184 and 464.
8
Calculate the highest common divisor of 595 and 70.
35
What is the highest common factor of 24260 and 4?
4
Calculate the greatest common divisor of 20 and 40.
20
What is the highest common factor of 77 and 2508?
11
What is the highest common factor of 18 and 3447?
9
What is the highest common factor of 5 and 570?
5
Calculate the highest common divisor of 82 and 697.
41
What is the greatest common factor of 2 and 128?
2
What is the highest common factor of 91 and 1001?
91
Calculate the greatest common divisor of 12474 and 88.
22
What is the greatest common divisor of 546 and 140?
14
Calculate the greatest common factor of 92 and 12.
4
Calculate the greatest common divisor of 774 and 473.
43
Calculate the greatest common factor of 790 and 70.
10
Calculate the highest common divisor of 528 and 1008.
48
What is the greatest common factor of 3078 and 297?
27
Calculate the greatest common divisor of 48 and 36.
12
Calculate the greatest common factor of 224 and 4288.
32
Calculate the highest common factor of 294 and 686.
98
What is the highest common factor of 323 and 51?
17
Calculate the greatest common factor of 65 and 4030.
65
What is the highest common divisor of 70 and 238?
14
What is the highest common divisor of 560 and 32?
16
Calculate the greatest common factor of 4142 and 114.
38
What is the highest common divisor of 4995 and 240?
15
What is the highest common divisor of 1 and 1288?
1
What is the greatest common divisor of 1316 and 8225?
329
Calculate the greatest common factor of 410 and 70.
10
Calculate the highest common divisor of 1152 and 414.
18
What is the greatest common divisor of 134 and 2?
2
What is the greatest common divisor of 272 and 26?
2
Calculate the greatest common divisor of 96 and 48.
48
Calculate the highest common divisor of 4395 and 15.
15
Calculate the highest common factor of 19 and 551.
19
Calculate the greatest common divisor of 66 and 99.
33
Calculate the highest common divisor of 136 and 68.
68
Calculate the greatest common divisor of 768 and 48.
48
Calculate the greatest common factor of 4511 and 13.
13
What is the highest common divisor of 24 and 1304?
8
What is the greatest common factor of 10 and 3070?
10
Calculate the highest common factor of 87 and 3045.
87
What is the greatest common divisor of 80 and 400?
80
What is the greatest common factor of 738 and 18?
18
Calculate the highest common factor of 48 and 492.
12
What is the greatest common factor of 5293 and 158?
79
Calculate the greatest common factor of 25278 and 66.
66
Calculate the highest common divisor of 4710 and 255.
15
What is the greatest common divisor of 12725 and 25?
25
Calculate the highest common divisor of 407 and 185.
37
Calculate the highest common factor of 25 and 37825.
25
What is the greatest common divisor of 76 and 8018?
38
What is the highest common divisor of 19 and 1?
1
Calculate the highest common factor of 252 and 396.
36
Calculate the greatest common factor of 62 and 403.
31
What is the greatest common divisor of 78 and 264?
6
Calculate the greatest common factor of 3171 and 21.
21
What is the greatest common factor of 15 and 645?
15
Calculate the greatest common factor of 49 and 1568.
49
What is the greatest common divisor of 1410 and 10?
10
What is the highest common divisor of 3 and 87?
3
What is the highest common divisor of 25 and 25?
25
Calculate the greatest common factor of 12 and 48252.
12
Calculate the highest common factor of 121 and 297.
11
Calculate the highest common factor of 6400 and 700.
100
Calculate the greatest common factor of 255 and 75.
15
Calculate the highest common divisor of 238 and 70.
14
Calculate the greatest common factor of 40 and 1030.
10
Calculate the greatest common divisor of 1768 and 702.
26
What is the highest common divisor of 23 and 207?
23
Calculate the highest common factor of 19 and 38.
19
Calculate the greatest common factor of 1782 and 121.
11
Calculate the highest common divisor of 15 and 10.
5
What is the greatest common divisor of 504 and 63?
63
Calculate the greatest common divisor of 12 and 84.
12
What is the greatest common divisor of 76 and 68?
4
Calculate the greatest common divisor of 33 and 352.
11
What is the greatest common factor of 4112 and 48?
16
What is the greatest common divisor of 377 and 261?
29
Calculate the highest common factor of 1273 and 133.
19
What is the highest common factor of 53460 and 108?
108
Calculate the greatest common factor of 99 and 9.
9
Calculate the greatest common factor of 58939 and 34.
17
What is the highest common divisor of 10 and 40?
10
Calculate the highest common factor of 1576 and 8.
8
Calculate the highest common divisor of 91 and 21.
7
What is the highest common divisor of 30 and 690?
30
Calculate the highest common divisor of 848 and 106.
106
Calculate the highest common factor of 352 and 77.
11
What is the highest common factor of 648 and 252?
36
What is the greatest common divisor of 244 and 8?
4
What is the highest common factor of 880 and 32?
16
Calculate the highest common divisor of 4 and 22.
2
Calculate the greatest common factor of 609 and 42.
21
Calculate the highest common divisor of 18 and 210.
6
Calculate the highest common factor of 428 and 3959.
107
What is the greatest common factor of 7364 and 789?
263
Calculate the greatest common factor of 38 and 1026.
38
What is the greatest common divisor of 190 and 3154?
38
What is the greatest common factor of 10089 and 118?
59
What is the greatest common divisor of 40 and 470?
10
What is the highest common factor of 21 and 39?
3
Calculate the greatest common factor of 744 and 48.
24
Calculate the highest common divisor of 22305 and 45.
15
What is the greatest common divisor of 168 and 5523?
21
Calculate the highest common divisor of 41 and 1312.
41
Calculate the greatest common divisor of 21376 and 501.
167
Calculate the greatest common factor of 1926 and 3638.
214
Calculate the greatest common divisor of 52 and 364.
52
Calculate the greatest common factor of 351 and 1677.
39
Calculate the highest common divisor of 15 and 735.
15
Calculate the highest common factor of 1207 and 68.
17
Calculate the highest common divisor of 22 and 5038.
22
Calculate the highest common factor of 36 and 10134.
18
Calculate the greatest common factor of 29 and 551.
29
What is the greatest common factor of 408 and 1088?
136
Calculate the highest common factor of 65 and 156.
13
Calculate the greatest common divisor of 1852 and 4.
4
Calculate the highest common factor of 63 and 27.
9
Calculate the highest common factor of 13 and 169.
13
What is the highest common factor of 6 and 327?
3
What is the greatest common divisor of 17 and 379?
1
What is the greatest common divisor of 124 and 248?
124
Calculate the greatest common factor of 2338 and 14.
14
Calculate the highest common divisor of 284 and 3479.
71
Calculate the highest common factor of 30 and 840.
30
What is the greatest common divisor of 51 and 2499?
51
Calculate the highest common divisor of 24 and 10.
2
What is the highest common divisor of 888 and 4?
4
Calculate the greatest common factor of 243 and 63.
9
What is the highest common divisor of 6 and 2298?
6
What is the greatest common divisor of 138 and 1725?
69
What is the greatest common divisor of 1541 and 23?
23
Calculate the highest common divisor of 36 and 48.
12
What is the greatest common factor of 836 and 484?
44
Calculate the highest common factor of 1406 and 74.
74
What is the greatest common factor of 640 and 60?
20
Calculate the highest common factor of 56 and 448.
56
Calculate the greatest common divisor of 9 and 57.
3
Calculate the greatest common factor of 20853 and 9.
9
What is the greatest common factor of 40 and 60?
20
What is the greatest common divisor of 5994 and 144?
18
Calculate the greatest common divisor of 114 and 266.
38
Calculate the highest common divisor of 96 and 6368.
32
What is the highest common divisor of 168 and 210?
42
What is the highest common divisor of 7 and 56?
7
Calculate the greatest common divisor of 94 and 141.
47
Calculate the greatest common divisor of 1560 and 416.
104
What is the greatest common factor of 590 and 90?
10
Calculate